 g(o) = 256*o + 92323. Give g(-359).
419
Let g(b) = -107*b + 897. Determine g(11).
-280
Let j(x) = -251*x - 190. Determine j(-1).
61
Let l(q) = 3*q**3 - 74*q**2 + 615*q - 46. Calculate l(11).
1758
Let j(w) = -173415*w - 1907600. Calculate j(-11).
-35
Let m(v) = -24*v**2 - 781*v - 338. Calculate m(-30).
1492
Let a(h) = 405*h**2 - 5705*h + 486. Determine a(14).
-4
Let w(q) = 90*q**3 - 10*q**2 + 133*q - 419. What is w(3)?
2320
Let y(q) = 7*q**2 - 1958*q - 399626. What is y(-137)?
3
Let w(v) = 399*v**2 + 626429*v - 1562. Determine w(-1570).
8
Let u(z) = -z**2 + 229*z - 12356. What is u(142)?
-2
Let w(x) = -x**2 + 59*x - 658. Give w(35).
182
Let m(u) = -168*u - 3587. Give m(-31).
1621
Let y(u) = -46*u**3 - 24*u**2 - 113*u - 85. Determine y(-3).
1280
Let u(j) = -1212*j + 409666. Calculate u(338).
10
Let a(c) = 55*c**2 + 8486*c - 16976. Give a(2).
216
Let a(j) = 12300*j - 627358. Calculate a(51).
-58
Let r(c) = c**3 + 32*c**2 + 217*c - 199. Give r(-21).
95
Let s(b) = -2*b**2 + 301*b - 9267. Calculate s(107).
42
Let r(o) = 7*o**2 + 134*o - 1196. Determine r(-25).
-171
Let z(c) = 256*c + 18803. Calculate z(-74).
-141
Let a(c) = -24*c**3 - 5211*c**2 - 646*c - 320. Calculate a(-217).
-1405
Let o(k) = 4*k**3 - 168*k**2 - 194*k + 1042. Determine o(43).
96
Let k(z) = -2*z**3 + 28*z**2 + 37*z - 28. Give k(14).
490
Let g(z) = 905*z + 25121. Calculate g(-31).
-2934
Let f(u) = -6*u**2 - 1145*u - 13035. Calculate f(-179).
-326
Let y(b) = 2*b**2 - 1993*b + 98469. What is y(52)?
241
Let c(u) = -9*u**3 - 376*u**2 + 98*u + 663. Calculate c(-42).
75
Let z(i) = -176*i - 1443. Calculate z(-10).
317
Let o(q) = 126*q - 12299. Calculate o(99).
175
Let u(m) = m**3 + 3*m**2 - 1567*m - 372. Determine u(-41).
-3
Let v(h) = 2068*h + 77055. Calculate v(-37).
539
Let m(g) = -g**2 - 3931*g + 51258. What is m(13)?
-14
Let d(b) = 13009*b + 1756158. Calculate d(-135).
-57
Let y(j) = -432*j + 19442. Calculate y(45).
2
Let m(z) = z**3 - 4*z**2 - 90*z + 79. What is m(-11)?
-746
Let r(a) = -2*a**2 + 96*a + 607. Calculate r(59).
-691
Let x(g) = 3291*g - 240168. Give x(73).
75
Let y(v) = -21052*v + 188990. Determine y(9).
-478
Let x(d) = -d**3 - 34*d**2 - 24*d + 53. Determine x(-33).
-244
Let m(n) = -34*n**2 + 4*n + 15. Determine m(-7).
-1679
Let o(s) = -587*s**2 + 5607*s + 2620. Calculate o(10).
-10
Let t(d) = -2*d**3 + 934*d**2 - 10030*d - 930. Give t(456).
-18
Let g(x) = -x**3 + 70*x**2 - 39927*x + 2794884. What is g(70)?
-6
Let n(v) = -17*v**3 - 2*v**2 + 9*v + 12. What is n(-1)?
18
Let o(a) = -21*a**2 - 173*a - 1412. What is o(-18)?
-5102
Let m(d) = 275*d**3 - 7*d**2 - 178*d - 336. Calculate m(-2).
-2208
Let r(u) = 787842*u + 55148940. Give r(-70).
0
Let l(m) = -3*m**3 + 81*m**2 - 149*m + 102. Calculate l(25).
127
Let j(x) = -x**3 + 56*x**2 + 329*x - 12341. What is j(58)?
13
Let a(d) = -1089*d - 54326. Give a(-50).
124
Let w(k) = -k**3 - 13*k + 50. What is w(4)?
-66
Let w(h) = -17*h**3 - h**2 - 17*h - 10. Calculate w(-2).
156
Let w(b) = b**3 + 243*b**2 + 12595*b - 848. Calculate w(-168).
-8
Let a(m) = -241*m**2 - 3950*m - 1481. Calculate a(-16).
23
Let v(g) = 11*g + 257. What is v(-13)?
114
Let v(w) = w**2 - 141*w + 1894. Give v(120).
-626
Let m(q) = 269*q + 30081. Give m(-112).
-47
Let v(z) = z**2 + 206*z - 10396. What is v(47)?
1495
Let q(l) = 899*l - 146506. Give q(163).
31
Let x(s) = 2*s**3 - 109*s**2 - 405*s - 90. What is x(58)?
-32
Let f(u) = -1399*u**2 - 1422*u + 3. Determine f(-1).
26
Let b(g) = 3*g**3 + 5*g**2 - 46*g - 5. Give b(-9).
-1373
Let a(m) = 2*m**2 + 27*m - 16611. Calculate a(-98).
-49
Let n(q) = -117*q**2 - 18471*q + 2374. Calculate n(-158).
4
Let t(s) = 3067*s - 12360. What is t(4)?
-92
Let v(w) = w**3 - 28*w**2 + 38*w + 212. Calculate v(26).
-152
Let z(u) = -297*u**2 - 101272*u + 1668. Determine z(-341).
-37
Let y(p) = -3*p**2 + 180*p - 1449. Give y(9).
-72
Let p(u) = -81*u**2 - 96*u + 496. What is p(5)?
-2009
Let q(v) = 33*v**3 - 223*v**2 - 18*v - 264. Give q(7).
2
Let x(g) = -g**3 + 187*g**2 + 1621*g - 11894. What is x(195)?
1
Let a(i) = -1351*i**2 - 104012*i + 1162. Calculate a(-77).
7
Let x(v) = v**2 + 2426*v + 167214. Calculate x(-71).
9
Let s(x) = 51*x**2 - 1652*x + 1019. Calculate s(31).
-1182
Let o(w) = -2*w**2 - 497*w + 14740. Determine o(29).
-1355
Let o(s) = s**3 - 72*s**2 - 147*s + 50. Calculate o(74).
124
Let v(u) = -u**2 + 162*u - 5084. Calculate v(118).
108
Let a(u) = u**3 - 3*u**2 - 16*u + 32. Determine a(5).
2
Let a(m) = -26085*m - 155714. What is a(-6)?
796
Let z(t) = t**3 - 14*t**2 + 52*t - 3. Give z(9).
60
Let r(c) = -c**2 + 275*c - 3902. Calculate r(15).
-2
Let h(o) = 819*o**2 + 30320*o + 627. What is h(-37)?
-2
Let d(m) = 2505*m - 15717. Calculate d(7).
1818
Let h(k) = k**3 - 80*k**2 + 283*k + 1546. Give h(76).
-50
Let k(b) = 196060*b + 980306. What is k(-5)?
6
Let c(h) = -780*h - 96388. Give c(-125).
1112
Let j(l) = -16717*l - 83612. Determine j(-5).
-27
Let d(q) = q**3 - 123*q**2 - 561*q + 83351. Give d(122).
25
Let n(b) = 32748*b - 327639. Calculate n(10).
-159
Let l(w) = 4426*w - 606354. What is l(137)?
8
Let c(b) = -b**3 + 69*b**2 - 69*b - 338. Calculate c(68).
-406
Let j(t) = t**3 - 28*t**2 + 86*t + 906. Determine j(10).
-34
Let j(g) = -803*g**2 + 651236*g - 2436. Calculate j(811).
-3
Let p(w) = -25*w**2 + 815*w + 205. Calculate p(33).
-125
Let c(b) = 19346*b + 135481. What is c(-7)?
59
Let l(d) = -10*d**2 + 39*d - 23. What is l(7)?
-240
Let d(f) = 3*f**3 + 203*f**2 - 89*f - 2128. Give d(-68).
-700
Let y(z) = -12*z + 3312. Calculate y(278).
-24
Let w(c) = -1381*c + 35452. What is w(26)?
-454
Let z(q) = 17*q**2 + 108*q - 472. Give z(-10).
148
Let x(j) = -48*j - 671. Determine x(-5).
-431
Let s(h) = 16*h**2 - 7924*h + 10511. Give s(494).
631
Let v(u) = u**2 + 145*u + 5069. Calculate v(-67).
-157
Let p(t) = 207*t**2 + 65*t + 67. Calculate p(-1).
209
Let p(l) = -16*l**2 - 111*l - 17. Determine p(-7).
-24
Let b(u) = -14*u**3 + 13*u**2 + 70*u - 246. Determine b(3).
-297
Let j(b) = b**2 + 752*b + 111813. Calculate j(-204).
21
Let w(h) = -50*h**2 + 1070*h + 45. Calculate w(22).
-615
Let l(d) = 213*d + 12893. Calculate l(-58).
539
Let m(w) = 158*w**2 - 4507*w + 2309. Determine m(28).
-15
Let g(n) = 15*n - 1177. Give g(98).
293
Let o(n) = -n**3 + 373*n**2 + 3039*n + 3436. What is o(381)?
7
Let v(t) = -4574*t - 6142897. Determine v(-1343).
-15
Let i(o) = 254591*o - 6619369. Give i(26).
-3
Let i(n) = n**3 + 666*n**2 + 3184*n - 79993. Give i(-661).
-12
Let r(m) = -4432*m**2 - 66365*m - 29. Determine r(-15).
-1754
Let r(s) = 6*s**2 + 435*s - 6822. Give r(15).
1053
Let w(v) = -6540*v - 26122. What is w(-4)?
38
Let g(i) = -2702905*i - 24326147. Calculate g(-9).
-2
Let b(a) = 1370*a + 60345. Give b(-44).
65
Let d(c) = -16*c**2 - 1110*c - 13033. Determine d(-15).
17
Let d(w) = w**3 + 30*w**2 + 51*w - 108. Calculate d(-28).
32
Let w(c) = -2*c**3 - 14*c**2 + 125*c + 851. Give w(-6).
29
Let t(m) = -6*m**3 + 41*m**2 - 189*m + 1641. What is t(7)?
269
Let v(i) = -2*i**2 - 2272*i - 95783. Calculate v(-44).
313
Let t(u) = 4424*u - 544162. Give t(123).
-10
Let a(r) = 11069*r + 121781. Determine a(-11).
22
Let n(c) = 7*c**3 - 3*c**2 - 31*c - 89. Determine n(9).
4492
Let x(m) = 50637*m + 2379946. Give x(-47).
7
Let c(u) = 2577*u + 100545. Give c(-39).
42
Let a(l) = -l**3 + 40*l**2 + 329*l + 212. What is a(-7)?
212
Let r(h) = 239*h + 21800. What is r(-77)?
3397
Let c(z) = z**2 - 3031*z + 9094. What is c(3)?
10
Let a(h) = -7*h**2 + 166*h + 857. Give a(28).
17
Let h(f) = 2*f**2 + 19712*f + 78826. What is h(-4)?
10
Let s(a) = -6*a**3 + 4*a**2 + 7858*a - 7858. Give s(1).
-2
Let a(y) = -3596*y + 94863. What is a(27)?
-2229
Let l(b) = 1507*b - 803. Determine l(1).
704
Let f(w) = 55700*w**2 - 8*w + 1. Determine f(0).
1
Let d(w) = 2487*w + 504857. Calculate d(-203).
-4
Let y(h) = 214*h - 692. Calculate y(-3).
-1334
Let a(z) = -4*z**2 - 396*z + 388. Calculate a(-100).
-12
Let i(f) = 3*f**3 - 79*f**2 - 285*f - 126. Determine i(29).
-1663
Let x(w) = w**3 - 163*w**2 + 3790*w - 280. What is x(28)?
0
Let r(k) = k**2 - 22*k + 136. Calculate r(15).
31
Let g(b) = b**3 + 2614*b**2 - 5227*b - 14. What is g(2)?
-4
Let d(v) = 6*v**2 - 81*v - 514. Determine d(-5).
41
Let n(y) = -15*y**3 + 42*y**2 + 134669*y - 403986. Calculate n(3).
-6
Let m(p) = -12885*p - 128912. Give m(-10).
-62
